st common factor of 3 and 29.
1
What is the highest common divisor of 351 and 39?
39
What is the greatest common divisor of 49 and 1323?
49
Calculate the highest common factor of 105 and 15.
15
What is the greatest common factor of 56 and 476?
28
Calculate the greatest common divisor of 76 and 58368.
76
Calculate the highest common divisor of 12 and 1500.
12
Calculate the greatest common divisor of 4150 and 20.
10
What is the greatest common factor of 154 and 28?
14
What is the greatest common divisor of 847 and 88?
11
What is the greatest common divisor of 2 and 643?
1
What is the greatest common divisor of 14 and 854?
14
Calculate the greatest common factor of 3324 and 12.
12
What is the greatest common factor of 26 and 1677?
13
Calculate the highest common divisor of 1561 and 7.
7
What is the highest common divisor of 57 and 1584?
3
What is the highest common factor of 7979 and 79?
79
What is the highest common factor of 97 and 97?
97
Calculate the highest common factor of 406 and 28.
14
What is the highest common divisor of 280 and 2590?
70
What is the highest common divisor of 2074 and 306?
34
Calculate the highest common divisor of 722 and 12.
2
Calculate the highest common factor of 132 and 165.
33
What is the highest common factor of 27 and 837?
27
What is the highest common divisor of 1540 and 84?
28
What is the highest common divisor of 24 and 7140?
12
What is the greatest common factor of 65 and 2977?
13
Calculate the greatest common factor of 1079 and 13.
13
Calculate the highest common factor of 2327 and 716.
179
Calculate the highest common factor of 41 and 28003.
41
What is the highest common divisor of 17732 and 78?
26
Calculate the greatest common divisor of 944 and 531.
59
Calculate the greatest common divisor of 9958 and 52.
26
Calculate the greatest common factor of 696 and 6.
6
What is the greatest common factor of 166 and 2?
2
What is the highest common divisor of 7502 and 31?
31
What is the highest common divisor of 61 and 244?
61
What is the highest common divisor of 16 and 1?
1
What is the greatest common divisor of 2952 and 576?
72
Calculate the highest common divisor of 156 and 195.
39
What is the greatest common divisor of 1674 and 162?
54
Calculate the highest common divisor of 1926 and 9.
9
What is the greatest common factor of 90 and 870?
30
What is the greatest common factor of 32 and 3088?
16
Calculate the greatest common divisor of 99 and 179091.
99
Calculate the greatest common divisor of 56 and 24.
8
What is the greatest common factor of 104 and 8216?
104
Calculate the highest common divisor of 9 and 15.
3
Calculate the highest common divisor of 29 and 1.
1
What is the greatest common divisor of 5898 and 6?
6
Calculate the greatest common divisor of 14 and 7.
7
What is the greatest common factor of 29 and 8207?
29
What is the highest common factor of 8 and 216?
8
Calculate the greatest common factor of 22 and 990.
22
What is the highest common divisor of 5 and 2015?
5
What is the highest common factor of 472 and 128?
8
Calculate the greatest common divisor of 24465 and 45.
15
Calculate the greatest common divisor of 704 and 64.
64
Calculate the greatest common factor of 9093 and 84.
21
What is the greatest common divisor of 40 and 5?
5
What is the greatest common divisor of 74399 and 59?
59
Calculate the greatest common divisor of 3007 and 194.
97
Calculate the greatest common factor of 304 and 6.
2
Calculate the greatest common divisor of 14 and 17647.
7
What is the highest common divisor of 2673 and 77?
11
Calculate the highest common factor of 7 and 308.
7
Calculate the greatest common divisor of 32 and 1568.
32
What is the greatest common divisor of 4215 and 195?
15
Calculate the highest common factor of 18 and 45.
9
Calculate the greatest common divisor of 2646 and 28.
14
Calculate the greatest common divisor of 95 and 1862.
19
What is the highest common divisor of 69 and 161?
23
Calculate the highest common factor of 110 and 1430.
110
Calculate the greatest common factor of 240 and 840.
120
Calculate the highest common divisor of 2 and 1.
1
Calculate the highest common factor of 144 and 336.
48
Calculate the greatest common factor of 8 and 824.
8
What is the highest common factor of 504 and 582?
6
What is the highest common divisor of 182 and 1358?
14
What is the highest common divisor of 33 and 132?
33
What is the highest common factor of 481 and 185?
37
What is the highest common divisor of 26 and 5993?
13
Calculate the highest common divisor of 96 and 87.
3
What is the greatest common factor of 34 and 1751?
17
What is the greatest common factor of 52 and 92326?
26
Calculate the highest common divisor of 75 and 4975.
25
What is the highest common factor of 744 and 24?
24
What is the greatest common divisor of 8204 and 28?
28
Calculate the greatest common divisor of 67 and 2747.
67
Calculate the greatest common divisor of 279 and 124.
31
What is the greatest common divisor of 12 and 1128?
12
What is the greatest common divisor of 564 and 288?
12
What is the greatest common divisor of 11616 and 160?
32
Calculate the greatest common divisor of 1296 and 336.
48
What is the greatest common divisor of 2240 and 2030?
70
What is the highest common divisor of 1183 and 77?
7
What is the greatest common factor of 40 and 170?
10
Calculate the highest common divisor of 5 and 1165.
5
Calculate the greatest common factor of 899 and 29.
29
What is the greatest common divisor of 568 and 8?
8
Calculate the highest common factor of 529 and 115.
23
What is the greatest common divisor of 441 and 18?
9
What is the greatest common factor of 5547 and 86?
43
What is the highest common factor of 24 and 272?
8
Calculate the greatest common factor of 407 and 74.
37
Calculate the greatest common divisor of 48 and 6.
6
What is the highest common factor of 99 and 63?
9
Calculate the greatest common divisor of 18 and 41598.
18
What is the greatest common divisor of 800 and 4?
4
Calculate the highest common divisor of 3328 and 52.
52
Calculate the highest common factor of 704 and 1728.
64
Calculate the greatest common divisor of 26 and 50.
2
Calculate the greatest common divisor of 27850 and 100.
50
What is the highest common factor of 356 and 4005?
89
What is the greatest common divisor of 19129 and 47?
47
Calculate the greatest common divisor of 752 and 224.
16
Calculate the greatest common factor of 78 and 416.
26
What is the highest common divisor of 240 and 264?
24
What is the highest common factor of 300 and 12?
12
Calculate the highest common divisor of 9313 and 268.
67
What is the greatest common factor of 740 and 592?
148
Calculate the greatest common divisor of 4 and 1852.
4
What is the highest common factor of 369 and 9?
9
What is the greatest common divisor of 12 and 186?
6
What is the highest common divisor of 104 and 637?
13
What is the highest common divisor of 1890 and 50?
10
What is the highest common divisor of 1216 and 320?
64
What is the highest common divisor of 1680 and 4830?
210
What is the highest common divisor of 364 and 7?
7
What is the greatest common factor of 49 and 6615?
49
Calculate the greatest common divisor of 3321 and 162.
81
Calculate the greatest common divisor of 19 and 76.
19
What is the highest common factor of 533 and 2173?
41
Calculate the highest common factor of 40 and 1970.
10
Calculate the greatest common divisor of 2990 and 52.
26
What is the highest common factor of 21 and 777?
21
What is the highest common factor of 637 and 14?
7
Calculate the highest common divisor of 8216 and 26.
26
Calculate the greatest common factor of 550 and 50.
50
What is the highest common divisor of 516 and 12?
12
What is the greatest common divisor of 18 and 446?
2
What is the greatest common divisor of 48 and 288?
48
What is the greatest common divisor of 572 and 364?
52
What is the greatest common factor of 15 and 55?
5
What is the highest common factor of 100 and 1940?
20
Calculate the highest common divisor of 43 and 301.
43
What is the greatest common divisor of 27 and 19989?
9
What is the greatest common factor of 9 and 4878?
9
What is the highest common divisor of 11 and 44?
11
What is the greatest common factor of 102 and 68?
34
Calculate the greatest common divisor of 182 and 14.
14
What is t